. Calculate i(-4).
-13
Let c(j) = 4*j - 4. Calculate c(-6).
-28
Let p(m) = -m**3 + 6*m**2 - m + 2. Give p(6).
-4
Let u(d) = -2*d**2 + 10*d + 16. What is u(6)?
4
Let y(q) = 2*q**2 + 16*q + 14. What is y(-6)?
-10
Let p(a) = -a**3 + 17*a**2 - 5. Give p(17).
-5
Let s(f) = 16*f + 1. Give s(-1).
-15
Let j(t) = 4*t**2 - 7*t + 10. Calculate j(6).
112
Let d(s) = -s**2 - 2*s + 12. Calculate d(9).
-87
Let u(q) = -q**2 + 6*q + 4. Calculate u(8).
-12
Let j(b) = -14*b + 3. Calculate j(1).
-11
Let z(m) = -7*m**2 - 65*m - 15. Calculate z(-9).
3
Let m(y) = -y**3 + 6*y**2 + 4*y - 6. Determine m(6).
18
Let q(p) = -26*p**2 + 59*p - 4. Determine q(3).
-61
Let v(q) = -q**2 + 6*q + 25. Give v(7).
18
Let n(h) = 25*h. What is n(-4)?
-100
Let b(t) = -10*t + 13. What is b(-4)?
53
Let o(j) = -5*j. Determine o(-1).
5
Let w(f) = -70*f**2 + 2*f - 2. Calculate w(1).
-70
Let x(a) = -a**2 - a + 20. Determine x(0).
20
Let a(b) = -3*b**2 + 13*b - 22. Calculate a(2).
-8
Let y(i) = -i**3 + 14*i**2 + 13*i + 17. Give y(15).
-13
Let k(b) = -b**3 + 9*b**2 + 9*b + 9. Determine k(10).
-1
Let p(x) = x**2 - 9*x + 26. What is p(4)?
6
Let v(d) = 3*d**2 - 16*d + 4. What is v(5)?
-1
Let d(q) = -7*q**2 + 42*q - 27. Give d(5).
8
Let u(m) = 4*m**2 - 13*m - 109. Calculate u(7).
-4
Let q(f) = -5*f - 3. What is q(2)?
-13
Let p(w) = w**2 - 3*w - 3. Determine p(5).
7
Let x(a) = -a**3 + 5*a**2 - 6*a + 4. Determine x(5).
-26
Let o(w) = -w**3 + 7*w**2 - 8*w + 15. What is o(6)?
3
Let s(h) = -h**3 + 2*h**2 + 7*h - 26. What is s(5)?
-66
Let o(r) = -2*r**3 - 2*r**2 + 4*r + 1. Calculate o(-3).
25
Let l(t) = -t**3 + 3*t**2 + 3*t - 3. Calculate l(5).
-38
Let q(p) = p**3 + 3*p**2 - 5*p + 1. Give q(-4).
5
Let f(t) = t**2 + 6*t + 5. Determine f(-4).
-3
Let u(v) = -v**2 + 3*v + 71. What is u(10)?
1
Let y(t) = 6*t - 5. What is y(-1)?
-11
Let d(s) = -s**3 - 21*s**2 - 52*s + 31. Determine d(-18).
-5
Let k(x) = -13*x - 305. Give k(-25).
20
Let f(w) = -3*w + 12. What is f(-4)?
24
Let p(v) = -2*v**2 - 29*v + 6. What is p(-15)?
-9
Let c(o) = 2*o**2 - 5*o - 9. Give c(6).
33
Let f(s) = s - 11. Determine f(8).
-3
Let j(h) = -h - 18. Determine j(-7).
-11
Let w(y) = -7*y**2 + 1. Give w(1).
-6
Let o(n) = n + 1. Determine o(1).
2
Let c(j) = 8*j + 34. What is c(-8)?
-30
Let j(z) = -z**3 + 10*z**2 - 10*z + 10. Give j(9).
1
Let q(t) = t**3 + 6*t**2 + 5*t. Determine q(-4).
12
Let f(b) = -2*b**2 - 20*b + 12. What is f(-10)?
12
Let i(o) = -24*o + 4. What is i(1)?
-20
Let z(r) = 29*r**2 - 1. Determine z(1).
28
Let s(y) = y**2 - 21. Calculate s(-5).
4
Let k(i) = -2*i**2 - 6*i + 23. Calculate k(-7).
-33
Let j(s) = -s**2 - s + 41. What is j(0)?
41
Let t(y) = -6*y**2 + 1. Calculate t(-1).
-5
Let l(c) = -2*c**2 - 103*c + 163. Give l(-53).
4
Let n(z) = -z**3 - 36*z**2 - 40*z - 179. What is n(-35)?
-4
Let y(k) = -k**2 - 18*k - 77. Calculate y(-9).
4
Let u(s) = -s**2 + 10*s - 8. Determine u(7).
13
Let j(r) = 9*r - 9. Calculate j(4).
27
Let f(q) = q**3 - 8*q**2 - q + 26. Determine f(8).
18
Let m(q) = q**3 + 3*q**2 - 4*q - 6. Determine m(-3).
6
Let d(v) = -14*v**2 + 3*v - 1. Determine d(1).
-12
Let w(a) = 4*a**2 + 5*a + 17. Give w(7).
248
Let r(i) = 9*i**2 + 33*i - 4. Determine r(-4).
8
Let q(h) = -27*h + 62. What is q(0)?
62
Let d(j) = 5*j - 37. What is d(8)?
3
Let r(o) = -3*o**2 - 27*o - 6. Calculate r(-7).
36
Let w(r) = -r**2 + 5*r - 2. Calculate w(3).
4
Let v(a) = -a**2 + 15*a - 30. What is v(11)?
14
Let o(i) = 2*i + 5. Calculate o(-4).
-3
Let b(h) = 7*h - 15. Give b(7).
34
Let u(q) = -q - 16. Determine u(-25).
9
Let u(c) = -c + 11. Determine u(7).
4
Let c(z) = -14*z + 1. What is c(4)?
-55
Let h(s) = s - 19. Calculate h(0).
-19
Let b(p) = 10*p**2 - 2*p - 1. What is b(2)?
35
Let b(s) = 6*s + 40. Give b(-5).
10
Let n(d) = 5*d**2 - 47*d + 20. Determine n(8).
-36
Let p(q) = q**3 + 9*q**2 + 6*q + 5. What is p(-8)?
21
Let x(r) = -r**2 + 2*r - 1. What is x(2)?
-1
Let g(z) = z**3 + 30*z**2 - 2*z - 56. Determine g(-30).
4
Let z(m) = -m + 50. Calculate z(20).
30
Let s(g) = -g**2 - 10*g - 13. Give s(-9).
-4
Let l(g) = -31*g - 155. Determine l(-6).
31
Let l(n) = n + 14. Calculate l(-10).
4
Let q(a) = -4*a**2. What is q(1)?
-4
Let l(f) = -f**2 + 2*f - 3. Give l(2).
-3
Let d(w) = 9*w - 149. Give d(18).
13
Let k(y) = -y**3 + 14*y**2 - 11*y - 8. Determine k(13).
18
Let k(v) = 5*v + 3. What is k(-5)?
-22
Let y(a) = a**3 - 8*a**2 - 2*a + 18. Determine y(8).
2
Let a(y) = -8*y**2 + 99*y - 26. Calculate a(12).
10
Let b(u) = 25*u + 148. Calculate b(-6).
-2
Let l(p) = p**3 + 13*p**2 + 6*p + 69. Calculate l(-13).
-9
Let y(u) = 3*u + 99. Calculate y(-42).
-27
Let v(p) = -p**2 - 3*p + 22. What is v(-7)?
-6
Let d(b) = 16*b + 7. Calculate d(4).
71
Let r(o) = -19*o - 799. Determine r(-42).
-1
Let n(x) = 24*x**3 - x**2 - x. Give n(-1).
-24
Let n(p) = 4*p**2 + 35*p - 5. What is n(-8)?
-29
Let a(o) = -o**2 - 8*o - 14. Determine a(-6).
-2
Let v(p) = -5*p**2 + 22*p. What is v(4)?
8
Let y(d) = -d - 2. What is y(-9)?
7
Let y(j) = -5*j + 3. Calculate y(2).
-7
Let k(g) = g**3 - 3*g - 10. Give k(0).
-10
Let i(p) = -p**3 - 12*p**2 - 10*p - 14. Calculate i(-11).
-25
Let i(o) = o**3 + 6*o**2 - 7*o - 3. Determine i(-7).
-3
Let p(f) = f**2 + 11*f + 24. Calculate p(-8).
0
Let f(i) = -3*i - 17. Calculate f(-7).
4
Let u(x) = -x**2 + 22*x - 25. Give u(21).
-4
Let b(q) = -q**3 + 3*q**2 + 3*q - 9. Calculate b(4).
-13
Let d(o) = -o**3 - 14*o**2 + 2*o + 1. Calculate d(-14).
-27
Let l(v) = -v - 7. Determine l(-5).
-2
Let m(i) = -2*i**2 + 30*i. What is m(15)?
0
Let h(d) = 3*d**2 + 16*d + 29. What is h(-5)?
24
Let i(f) = -35*f - 425. Determine i(-12).
-5
Let k(f) = -f**3 - 15*f**2 - 2*f + 3. What is k(-14)?
-165
Let q(w) = 3*w - 4. Determine q(-7).
-25
Let a(x) = -7*x**2 - 43*x. Calculate a(-6).
6
Let j(r) = r**2 - 11*r + 8. Calculate j(11).
8
Let m(v) = v**3 + 7*v + 10. Calculate m(-3).
-38
Let d(t) = t**2 - 19*t + 82. Give d(6).
4
Let r(a) = a**3 + 17*a**2 + 18*a + 21. What is r(-16)?
-11
Let m(z) = -4*z**2 + z + 1. Calculate m(1).
-2
Let m(h) = -h**3 + 19*h**2 - 6*h - 22. What is m(19)?
-136
Let s(k) = -5*k - 14. Calculate s(-7).
21
Let g(l) = 30*l - 97. Calculate g(3).
-7
Let v(z) = -z**3 + 2*z**2 - 2*z + 2. Calculate v(3).
-13
Let r(c) = c**2 + 5*c + 4. Determine r(-6).
10
Let r(j) = -j**2 - j + 1. Calculate r(3).
-11
Let q(a) = 3*a**2 + 11*a - 5. What is q(-3)?
-11
Let d(l) = 5*l + 3. Calculate d(-10).
-47
Let h(i) = -10*i + 794. Calculate h(80).
-6
Let i(g) = 7*g + 81. Give i(-11).
4
Let b(v) = v**3 - 5*v**2 - 12*v + 6. Calculate b(7).
20
Let u(g) = -6*g**3 + g**2 - g + 1. Give u(1).
-5
Let o(f) = -f + 9. What is o(5)?
4
Let g(u) = u**3 + u**2 - 21. Give g(0).
-21
Let k(x) = -4*x**2 + 5*x. Determine k(4).
-44
Let w(d) = -42*d + 206. Calculate w(5).
-4
Let f(k) = -7*k + 39. What is f(6)?
-3
Let y(l) = -l**3 - 15*l**2 - 29*l - 210. Determine y(-14).
0
Let v(w) = w**2 + 11*w + 33. Give v(-5).
3
Let x(l) = -l**3 + 5*l**2 - 6*l + 4. Determine x(5).
-26
Let k(l) = -2*l + 16. Give k(0).
16
Let u(i) = -i**2 - 13*i - 15. Give u(-12).
-3
Let j(t) = -6*t - 13. Determine j(-6).
23
Let r(s) = -3*s - 2. Calculate r(-5).
13
Let g(y) = y + 17. Calculate g(3).
20
Let i(t) = -2*t**3 - 43*t**2 - 24*t - 39. Give i(-21).
24
Let o(g) = -g**3 + 2*g**2 + 6. Determine o(0).
6
Let t(d) = 14*d**2 + 8*d + 9. Calculate t(-1).
15
Let h(k) = -k**2 - 13*k - 19. Determine h(-11).
3
Let n(u) = -u**2 - 3*u - 51. What is n(9)?
-159
Let x(q) = q**3 + 5*q**2 - 10*q - 3. Determine x(-5).
47
Let v(i) = -i**2 + i - 12. Give v(0).
-12
Let z(o) = -o**2 + 21*o - 15. Calculate z(20).
5
Let m(z) = 2*z**3 - z**2 + 3*z - 3. Give m(2).
15
Let v(y) = y**2 - 6*y + 10. Determine v(5).
5
Let a(l) = -l - 25. Calculate a(-16).
-9
Let k(p) = -p**2 + 12*p + 6. Determine k(11).
17
Let l(g) = -g**2 + 26*g + 14. Give l(26).
14
Let m(o) = 42*o + 1. What is m(2)?
85
Let g(s) = -3*s**3 - 4*s**2 + s - 2. Calculate g(-2).
4
Let t(j) = 8*j - 2. Calculate t(1).
6
Let k(r) = r - 3. Calculate k(18).
15
Let y(b) = 2*b**2 + 14*b - 39. What is y(-10)?
21
Let x(t) = 7*t**2 + 2*t + 1. Give x(-1).
6
Let h(v) = -v**2 + 21*v + 75. What is h(24)?
3
Let v(u) = -u**3 - 4*u**2 - 2*u. Determine v(-4).
8
Let d(y) = 16*y - 9. Determine d(1).
7
Let q(g) = g**3 - 5*g**2 - g + 5. What is q(5)?
0
Let i(v) = v**3 + 3*v**2 - 17*v - 12. Determine i(-5).
23
Let q(y) = -y**